t is the units digit of c(z)?
4
Let g(b) = -113*b + 8. Let x be g(-2). Suppose 4*i - 206 = x. What is the tens digit of i?
1
Suppose -c + 17 = 5*p, 4*c - 3 = 2*p - 1. Suppose p*r + 0*r - 237 = 0. What is the units digit of r?
9
Suppose -2*m + a = -2*a - 13, -4*m - 3*a - 1 = 0. What is the tens digit of -5 + 58 + 0/m?
5
Let i be 467/3 - (-10)/(-15). Suppose 0 = 4*c + c - i. Suppose -3*w + 2 = -c. What is the units digit of w?
1
Let f = 1595 - 961. What is the tens digit of f?
3
Let v be 6 - (-6)/(2 + 1). Let p = 8 - v. Suppose 0*u + 2*u - 2*q - 96 = p, u - 2*q - 48 = 0. What is the tens digit of u?
4
Suppose -2*s = 8, -2*w + s + 0*s = -20. Let z(n) = 2*n - 9. Let r be z(w). What is the tens digit of (32 - -2)/(r + -6)?
3
Suppose 0 = v + 3*j - 295 - 7, 0 = -4*v - 2*j + 1208. What is the tens digit of 2*-2 - -1*(v + -4)?
9
Let t = 45 - 31. What is the units digit of (5 - 1) + (t - 16)?
2
Let u be (-20)/100 - (1 + 402/(-10)). Let v = u + -14. What is the units digit of v?
5
Let u = -61 - -318. What is the tens digit of u?
5
Let a = 13 + 60. What is the tens digit of a?
7
Suppose 5*c - 4*c - 45 = 0. Suppose 0 = c*w - 48*w + 213. What is the tens digit of w?
7
Suppose -3*t = -2*o - 3*o - 2, -4*o - 7 = 3*t. What is the tens digit of 12*((3 - t) + -3)?
1
Let a(j) = -12*j**3 - j**2 + 4*j + 1. What is the hundreds digit of a(-3)?
3
Let b = 654 - -45. What is the units digit of b?
9
Suppose -c = 2*c + 24. Let v(x) = 2*x**2 + 11*x + 22. What is the units digit of v(c)?
2
Suppose 2*w - 14 = -6. Suppose -w*v + 3*v + 86 = 0. What is the units digit of v?
6
Suppose -5*q + 685 = -4*z, 3*q + 2*z - 280 - 131 = 0. Let k = q + -73. What is the units digit of k?
4
Suppose 8*l - 95 = 289. Suppose s - 218 = -l. What is the hundreds digit of s?
1
Suppose 284 = 5*i - 0*i - 2*c, 4*c - 186 = -3*i. Let d = i - 34. What is the units digit of d?
4
Suppose 0 = -a - 5*t + 833, 44*a - 2532 = 41*a - 4*t. What is the hundreds digit of a?
8
Let k be (1 - 28)/(48/(-32)). Suppose 15 = d - k. What is the units digit of (-68)/(-11) + (-6)/d?
6
Let a = 232 + 3437. What is the thousands digit of a?
3
Let b = -2 - -8. Let v be ((-20)/b)/(10/(-15)). Let g = -2 + v. What is the units digit of g?
3
Let q(s) = 29*s**3 + 7*s**2 + 3*s - 5. What is the thousands digit of q(4)?
1
Let m(j) = -7*j**3 + 14*j**2 + 8. Let c(k) = -k**3 + k**2 - k. Let s(d) = 6*c(d) - m(d). Let b be (27/(-12))/(2/(-8)). What is the units digit of s(b)?
9
Suppose 1 = 2*u + 13. Let g be 6*((-21)/u + -3). Suppose 3*w = 15, -3*n = -g*w - 19 - 47. What is the tens digit of n?
2
Let y be (-3)/1 - (-90 - -85). Suppose -48 = -g - 13. Suppose -y*k + g = -67. What is the tens digit of k?
5
What is the units digit of 1/(-2) - (-116823)/42?
1
Let r = 425 - -547. What is the hundreds digit of r?
9
Suppose 3*z - 618 = -l, -3*z + 2406 + 21 = 4*l. What is the units digit of l?
3
Let a = 19 - 6. Let z = a + -9. Suppose 3*p - 28 = -2*x, -x + 0*x - z*p + 14 = 0. What is the tens digit of x?
1
Let c = 107 - 62. Suppose -4*p + c = -p. Suppose y + u = p, y + 0 = 5*u + 3. What is the units digit of y?
3
Let m(j) = 47*j**2 + j - 1. Let o be m(2). Suppose 6*n = k + 9*n - o, 0 = -5*k + 3*n + 909. What is the hundreds digit of k?
1
Suppose -5*g - 2*a + 15975 = 3*a, g - 3195 = -3*a. What is the thousands digit of g?
3
Let c = -12 - -14. Let h(f) = 2*f + 1. Let s be h(c). Suppose -30 + 80 = s*p. What is the units digit of p?
0
Let q = 45 + -37. Suppose -q*y + 735 = -489. What is the tens digit of y?
5
Let m = -1993 - -5605. What is the hundreds digit of m?
6
Let f(k) = k**3 - 2*k**2 - 6*k + 22. What is the units digit of f(5)?
7
Let t(s) be the first derivative of -113*s**4/2 + 2*s**3/3 - 2*s + 43. What is the units digit of t(-1)?
6
Suppose -5*m - 69 = 616. Let v = -93 - m. What is the units digit of v?
4
Let c = 1 + -4. Let s be 0/(0 + 2) + c. What is the units digit of 2/s*75/(-10)?
5
Let t(q) = 7*q**2 + 3*q + 11. Let y be 4/(-20) - 84/(-20). What is the units digit of t(y)?
5
Suppose u + 2*h = -8, -2*u + 4*h = 1 - 17. What is the units digit of 102 + -1 + u/(-3)?
1
Suppose 7*i - 2*i - 20 = 0. Suppose 92 = i*x + 4*t - 0*t, 0 = -2*t - 4. Suppose 0 = 5*z - 5*r - 290, x = 5*r - 0*r. What is the tens digit of z?
6
Let t = 15 - 10. Suppose -t*c = -167 - 28. What is the tens digit of c?
3
Let n(u) = 3*u**2 - 7*u + 14. Let v be n(-10). Suppose -3*f - f = -v. What is the units digit of f?
6
Let r = -4688 - -10246. What is the units digit of r?
8
Suppose -5*r - 16*d + 2295 = -13*d, -2*r - 5*d + 918 = 0. What is the hundreds digit of r?
4
Let v = -262 + 555. What is the units digit of v?
3
Let y(u) = -3*u - 7. Let x be y(-6). Suppose 5*a = x*a - 114. What is the units digit of a?
9
Let u(v) = -34*v**3 + 3*v**2 - v + 12. Let n be u(-4). What is the units digit of 6/(-4)*n/(-48)?
0
Let q be ((-6)/(-15))/(5/525). Let v be 138/q + 4/(-14). What is the tens digit of (v - 3)/3 + 43?
4
What is the tens digit of 28192/40 + 2 + 18/(-10)?
0
Let p(o) = 2*o**2 + 15*o + 7. Let d be p(-7). Suppose -17*m - 1053 + 4538 = d. What is the tens digit of m?
0
Let s(t) = -t**3 + 18*t**2 + 29*t - 28. Let v(u) = -u**2 + 5*u + 25. Let n be v(6). What is the units digit of s(n)?
2
Suppose 3*z - 3 = 3*u, -6*u - z = -5*u + 5. Let m be -6*1/u + 89. Suppose 0 = 2*k + k - 2*c - m, 3*k = -3*c + 111. What is the tens digit of k?
3
Let f = -580 - -1302. Suppose -f = 4*a - 7*a - 5*z, -4*a + 1011 = -3*z. What is the tens digit of a?
4
Let j(s) = 79*s**2 + 19*s. What is the units digit of j(-2)?
8
Suppose -11*r + 35 = -53. Suppose 4*x = -2*d + 74, 3*d = -4*x + 2*x + 35. Let u = r + x. What is the tens digit of u?
2
Let g(m) = 3*m**2 + m + 1. Let v be g(-3). Let o(t) = 2*t + 5. Let p be o(0). Suppose -p*r = v - 105. What is the units digit of r?
6
Let s = 55 + -55. Let y = -108 - -232. Suppose -o - o + 44 = -x, 5*o + x - y = s. What is the tens digit of o?
2
Suppose 7*j + 3450 = 10*j. What is the hundreds digit of j?
1
Suppose 20 = 4*y - 5*h, 0*y - 5*h - 20 = 2*y. Let w = 0 - y. Suppose 5*d - 3*g - g - 182 = w, -3*d + 108 = -3*g. What is the tens digit of d?
3
Suppose 3*n + 768 = 3*b, 4*b + 5*n + 772 = 7*b. Suppose 5*o = -20, -o + 48 = -2*q + b. What is the hundreds digit of q?
1
Let l be (-1 + 10)/((-24)/(-16)). Let p = 180 - l. What is the hundreds digit of p?
1
Suppose 2*a + 6 = 5*a, 36 = 5*v - 2*a. Suppose -c - 2*y - 3 = 0, 2*c + 4*y - v*y - 18 = 0. What is the units digit of c + (-5)/(15/(-18))?
9
What is the tens digit of 207 + 10 - (-6)/3*2?
2
Let r = -14 + 116. What is the units digit of r?
2
Let n(o) be the first derivative of -o**3/3 - o**2/2 + 61*o - 9. What is the units digit of n(0)?
1
Let g(i) = 2*i**2 - 7*i - 5. Let h = -26 + 20. Let s(q) = -3*q**2 + 8*q + 5. Let n(w) = h*s(w) - 7*g(w). What is the tens digit of n(-3)?
3
Suppose 3*x + 3*g - 1878 = 0, -4*x - 2*g + 1044 = -1468. What is the tens digit of x?
3
Suppose -a + 5*x + 48 = 0, 3*a - 8*a + 217 = -2*x. Suppose -a = -2*o + 27. What is the units digit of o?
5
Suppose 12*o = 15*o - j - 2702, -3*o - j + 2692 = 0. What is the units digit of o?
9
Let r = 10 + -42. Let u = r + 64. What is the tens digit of u?
3
Let o(d) be the first derivative of -d**4/4 - 3*d**3 + 7*d**2/2 + 7*d - 3. What is the units digit of o(-10)?
7
Let k(j) = j**2 + 10*j + 23. What is the tens digit of k(18)?
2
Let s(d) = -5*d**2 - 42*d + 26. Let i(j) = 2*j**2 + 14*j - 9. Let l(h) = -8*i(h) - 3*s(h). What is the units digit of l(6)?
2
Suppose 0*x - 60 = -5*x. Let a = 11 - x. What is the units digit of a + (1 - -3) - -42?
5
Let r(h) = 1564*h - 80. What is the units digit of r(3)?
2
Let g be (1/(-2))/((-3)/96). Let t be (6/4)/((-3)/(-24)). Suppose -t = -2*w + g. What is the units digit of w?
4
Let i(k) = k - 2. Let r be i(5). Suppose 0 = p - 5*y - 21, -2*p - y - r*y = 14. What is the units digit of 2/(-2)*p*-17?
7
Let a(o) = 59*o**2 + 10*o + 45. What is the tens digit of a(-4)?
4
Let h = 1 - 3. Let l = h + 12. What is the tens digit of l?
1
Suppose q = 3*m - 0*q + 162, -5*m - 2*q = 270. Let v be 1404/(-14) - 2/(-7). Let j = m - v. What is the units digit of j?
6
Let w(v) = 0*v**2 + v**2 + 3*v**3 + 5 + 0 + v - 4*v**3. Let a be w(0). Let g(p) = -p**3 + 5*p**2 + p + 6. What is the units digit of g(a)?
1
Let b = 348 + 224. What is the tens digit of b?
7
Le